posite number?
False
Suppose 0 = -2*k - k + 5*g + 27, 0 = -k + g + 7. Let n = 3 + 1. Suppose 4*w + 1974 = 6*w - k*s, n*s = 3*w - 2965. Is w a prime number?
True
Suppose q + 7 = 4*y, 0 = y + 5*q - 0*q - 7. Suppose 3*a = 4*a + y*a. Suppose a = -5*n, 1861 = h + 5*n - n. Is h a prime number?
True
Let a(d) = 1562*d - 1421. Is a(5) a prime number?
True
Is 10/(-450) + (-1753377046)/(-2745) prime?
False
Is (-2020)/(-90)*13053 + (-96)/18 + 7 composite?
False
Let f(j) = -303654*j + 4837. Is f(-3) composite?
False
Suppose -15*l = -5*o - 16*l + 45, 4*l = -4*o + 52. Suppose 4*p - 9*r + 6*r = 8912, -2*r + o = 0. Is p composite?
True
Let p = 3768393 - 1293454. Is p composite?
False
Let g(q) = -120*q - 4 - 78*q - 3*q - 48*q. Let j be g(3). Is 18/27 + j/(-3) a prime number?
True
Let q(y) = 7*y**2 - 15*y - 41. Let j be q(-4). Let h = j + 3302. Is h prime?
True
Let y = 10870 + 4551. Is y a composite number?
True
Suppose y = -f, 13 = -3*y + 4*f - 1. Is y/((-2)/4107) + 2 a prime number?
False
Suppose 125575 = -44*b + 49*b + 5*c, -4*c + 25127 = b. Is b composite?
False
Let b(j) = -859*j - 4617. Is b(-32) a composite number?
False
Let p(t) = -2*t**3 + t**2 + t + 1. Let n(f) = -4*f**3 + 11*f**2 + 29*f - 12. Let l(r) = n(r) + 3*p(r). Is l(-7) a prime number?
False
Let g be (6 + 812)/((-1)/(-166)*-2). Let y = -45213 - g. Is y a composite number?
True
Let c(o) = 7*o**2 - 56*o. Let d be c(8). Let v(z) = 24*z**2 + 5*z - 2. Let t be v(4). Suppose 0 = -4*s - l + 737, d = 3*s + 4*l - t - 141. Is s a prime number?
False
Suppose -3*x - 16 = -13, 0 = u - x - 926. Suppose -4*y - 129 = -u. Is y a composite number?
False
Let h(y) be the second derivative of -y**4/12 + 3*y**3 - 6*y**2 + 18*y. Let w be h(20). Let x = 255 - w. Is x prime?
True
Let l be 65 + -68 + (-1 - -3374). Suppose 3*h - 2126 - 2943 = s, 2*h - 3*s - l = 0. Is h a prime number?
False
Let u(g) = -1395 + 6*g + 1394 - 33*g + 191*g**2. Is u(-4) a prime number?
True
Suppose 59*m = 43*m + 12867024. Is m a composite number?
True
Let m(s) = s**3 + 6*s**2 + 3*s. Let r be m(-2). Suppose 3906 = l - r*l. Let v = 1093 + l. Is v a prime number?
True
Let z(k) = 22*k**2 + 2*k - 7. Let t be z(-3). Suppose 2*j = c + t, 3 = c - 2*c. Is j prime?
False
Suppose -6*h + 1320915 + 5748022 = 1292059. Is h composite?
True
Suppose 0 = 4*a - 4*i - 261568, 194005 + 67542 = 4*a + 3*i. Is a composite?
True
Let i = -164 + 167. Suppose i*r + 28696 = 4*l, 0 = -4*r + 16. Is l composite?
False
Let a(v) = -108028*v - 345. Is a(-1) composite?
True
Let t(v) = 22*v + 486. Let u be t(-22). Suppose -3*o + 3586 = -635. Suppose 9*x = u*x + o. Is x a composite number?
True
Let f(k) = -k**2 - 15*k - 36. Let a be f(-12). Suppose a = 11*r - 370488 + 147331. Is r prime?
True
Suppose 16*v = 25 + 183. Suppose -5*r - v*f + 12*f + 10977 = 0, 10985 = 5*r + 5*f. Is r prime?
False
Is 290126/3*831/554 a prime number?
True
Let i(u) = 3550*u + 7601. Is i(38) prime?
True
Is ((-1)/(-2))/(3/2609286) prime?
True
Suppose -2*j + 3*j = 4*b, -4*b + 20 = 4*j. Let d = b + 105. Is (d/6)/((-27)/(-81)) a composite number?
False
Suppose 1507 = -v - 1922. Let l = v - -5122. Is l composite?
False
Let b = 1352 - 13006. Let f = b + 16971. Is f composite?
True
Let j(c) = -12817*c + 5. Let z be j(1). Let d = 18557 + z. Suppose 4*a = -2*w - 153 + 4003, 3*w - 4*a = d. Is w a prime number?
False
Suppose 0 = 5*n + 2*u - 1410317, -n + 2*u + 167493 + 114592 = 0. Is n composite?
True
Suppose 0 = 14*b - 17*b - 6339. Let j = b - -4242. Is j a prime number?
True
Let b = -6021 - -86092. Is b a prime number?
True
Suppose 13*t + 5*p - 1206251 = 9*t, 5*t - 1507780 = 5*p. Is t composite?
True
Is 8/(-44) - (-3 + 112290/(-11)) a composite number?
False
Suppose -2*x + 0 = 6, -3*x = 5*n - 11. Suppose 0 = -m + n*y + 1 - 9, 11 = 2*m + y. Suppose r = m*r - 957. Is r composite?
True
Let k(g) be the second derivative of 161*g**4/6 + 19*g**3/6 - 77*g**2 + 99*g. Is k(9) composite?
False
Let d = 127271 + 3108. Is d a prime number?
True
Suppose 43*l - 31*l = 392712. Let h = -6685 + l. Is h a prime number?
True
Suppose 0*u + 2*i = -3*u - 10, 4*i + 20 = -2*u. Suppose 2*a = 4*z - 12170, u = -z - 4*a + 3421 - 374. Is z prime?
False
Let y(o) = 149*o**2 - 3*o - 1. Let l(n) = n**2 + 16*n + 38. Let z be l(-13). Let f be (1 + -2)*3 + z. Is y(f) composite?
True
Let v(g) = -214*g + 57. Suppose 4*b - 3 = m - 4, 26 = -m - 5*b. Is v(m) composite?
False
Let v = 10612 - 878. Let y = -2743 + v. Is y composite?
False
Let q(s) = -1594*s - 166. Let i(l) = 798*l + 83. Let o(p) = 5*i(p) + 3*q(p). Is o(-9) a prime number?
False
Let q = -26042 - -56923. Is q composite?
False
Suppose 5 = 2*l - k, -2*l + 4*k = 2 + 2. Suppose -2*h = -5*m + 524, 2*m + m - l*h - 306 = 0. Is m a prime number?
False
Suppose 5*w = 7*a - 2*a - 24040, w = 4*a - 19220. Suppose 102*c - 98*c - a = 0. Is c a composite number?
False
Let t(m) be the first derivative of -m**4/4 + 7*m**3/3 + 4*m**2 - 15*m - 37. Let h be t(6). Let k = -50 + h. Is k a prime number?
True
Let k = 4683 - -32386. Suppose k + 7243 = 8*d. Is d a composite number?
True
Let q(p) be the first derivative of -p**4/4 - 5*p**3/3 + 4*p**2 + 15*p - 2. Let z be q(-6). Suppose -v - 4616 = -8*y + 3*y, 4612 = 5*y + z*v. Is y composite?
True
Let i be (-1 - 4) + (-2976)/(1 + -7). Let h = 3418 - i. Is h composite?
False
Let o(c) = 5*c - 3. Let z be o(2). Suppose 1809 = 2*i - 5*j, -3624 = 3*i - z*i + 4*j. Is i a prime number?
True
Suppose 13 = -4*u - 24*m + 27*m, 4 = -u + m. Is (u + -51)*58/(-8) a composite number?
True
Suppose 2*x - v = 0, -v = 39 - 43. Suppose -49979 = -2*q + x*u + 17923, -2*u = -5*q + 169767. Is q a prime number?
False
Let n(j) = -3*j + 20. Let v(z) = -1. Let b(h) = n(h) - 3*v(h). Let m be b(6). Suppose -m*c - 4*c + 6687 = 0. Is c composite?
False
Is -32 + 28 + 5 + 1 + 115497 a composite number?
False
Let w = -217 - -212. Is (3346/(-4))/(w/10) prime?
False
Suppose 3*z - 69*j = -72*j + 242067, -z - 5*j + 80689 = 0. Is z a prime number?
False
Let c(n) = -357*n - 21. Suppose 0 = t + 2*t - 6. Let o be c(t). Is o/(-14) - 9/6 composite?
True
Let i = -424 - -489. Suppose -62*o - 25953 = -i*o. Is o a prime number?
False
Let u(a) = a**2 - 2*a + 1. Let w be u(1). Suppose -k + w*k - r = -10, -3*r = 4*k - 37. Suppose -k*m + 9*m - 74 = 0. Is m composite?
False
Suppose -3 = 5*j - 4*b - 32, -5*j - 4*b = -21. Suppose -5*p = j*a - 60, -4*a + 15*p + 64 = 11*p. Is a a composite number?
True
Let h be 2 - ((-4)/8 - 6/(-4)). Let y(n) = -2*n + 43*n**2 - 60*n**2 - h + 35*n**2. Is y(6) a prime number?
False
Let b(u) be the first derivative of 6*u**3 - 12*u**2 + 36*u + 22. Let f be b(17). Suppose -5*v + 2344 = -4*h + 6229, 5*h - v = f. Is h a composite number?
True
Let n(t) = 9936*t**2 + 4*t + 5. Let c be n(-1). Let k = c + 4549. Is k prime?
False
Let t(x) = -254*x**3 + 17*x**2 + 63*x - 27. Is t(-10) a composite number?
False
Let f be 5*6/45 + (-13711)/(-3). Is f*(-7)/(-7) + -4 a composite number?
False
Suppose 409 - 7741 = 2*l. Let z = l + 2605. Let y = z + 1594. Is y composite?
True
Suppose 0 = -l + 4*z + 2, 3*l - 21 = -2*z - z. Let u be ((-6)/(-9))/((-6)/1089). Let d = l - u. Is d prime?
True
Let a(h) = -4*h - 2. Let p be a(-4). Suppose -3*x + p = 2*y + 2*y, 0 = 2*x - 2*y. Suppose 2*b = -x*u + 1024, 0 = -3*u + 3*b - 0*b + 1530. Is u a prime number?
False
Let k be 1/((2/2)/(3770 - 3)). Is (k/(-3) - 26/(-39))/(-1) a prime number?
False
Let q(b) = b**2 - 11*b + 7. Let f be q(7). Let l = -64 + f. Let d = -83 - l. Is d composite?
False
Is (27 + -18 + -8)*1026221 composite?
True
Let w(c) = -3*c**3 - 18*c + 15. Let n be w(-9). Suppose i + 4*j = 603, -i + 4*j = -5*i + n. Is i composite?
False
Let b = -8 - -12. Suppose b*z - 12*z + 24 = 0. Suppose 0 = -4*a - z*d + 4034, -4*a + 5*d = d - 4020. Is a composite?
True
Let w(t) = 38*t**3 + 2*t**2 + 152*t - 19. Is w(9) a composite number?
True
Let m(z) = -503*z - 1. Let l be m(-4). Let t = -7037 + 5795. Let q = l + t. Is q a composite number?
False
Suppose g = -2*c + 19, -g = -2*c - 3*c - 12. Let s = g - 12. Suppose d - a = 673, s*a + 728 = d + 71. Is d composite?
False
Suppose 7*m - 4*m = 123. Suppose -30 = -m*s + 36*s. Is (-3708)/(-27)*s/4 prime?
False
Let y = 371748 + 736157. Is y prime?
False
Let z(m) = m**3 - 71*m**2 + 90*m - 269. Is z(80) prime?
False
Let g(y) = 3*y + 52. Let k